{"id":1328,"date":"2020-11-08T20:20:52","date_gmt":"2020-11-08T20:20:52","guid":{"rendered":"http:\/\/ayahuasca.cl\/web\/?page_id=1328"},"modified":"2025-02-28T15:08:49","modified_gmt":"2025-02-28T15:08:49","slug":"inicio-3","status":"publish","type":"page","link":"https:\/\/ayahuasca.cl\/web\/","title":{"rendered":"Inicio"},"content":{"rendered":"<p>[et_pb_section fb_built=&#8221;1&#8243; _builder_version=&#8221;4.16&#8243; _module_preset=&#8221;default&#8221; background_image=&#8221;https:\/\/ayahuasca.cl\/web\/wp-content\/uploads\/2020\/11\/home.jpg&#8221; parallax=&#8221;on&#8221; custom_padding=&#8221;167px||211px|||&#8221; global_colors_info=&#8221;{}&#8221;][et_pb_row _builder_version=&#8221;4.16&#8243; _module_preset=&#8221;default&#8221; global_colors_info=&#8221;{}&#8221;][et_pb_column type=&#8221;4_4&#8243; _builder_version=&#8221;4.16&#8243; _module_preset=&#8221;default&#8221; global_colors_info=&#8221;{}&#8221;][et_pb_blurb title=&#8221;MANTO WASI&#8221; content_max_width=&#8221;747px&#8221; _builder_version=&#8221;4.23.1&#8243; _module_preset=&#8221;default&#8221; header_level=&#8221;h2&#8243; header_font=&#8221;Actor|700|||||||&#8221; header_font_size=&#8221;39px&#8221; body_font=&#8221;Actor||||||||&#8221; body_font_size=&#8221;24px&#8221; text_orientation=&#8221;center&#8221; background_layout=&#8221;dark&#8221; hover_enabled=&#8221;0&#8243; global_colors_info=&#8221;{}&#8221; sticky_enabled=&#8221;0&#8243;]<\/p>\n<p>CENTRO CHAMANICO VEGETALISTA<\/p>\n<p>FUNDADO EN 2006, SANTIAGO &#8211; CHILE<\/p>\n<p>[\/et_pb_blurb][\/et_pb_column][\/et_pb_row][\/et_pb_section][et_pb_section fb_built=&#8221;1&#8243; _builder_version=&#8221;4.16&#8243; _module_preset=&#8221;default&#8221; custom_padding=&#8221;16px||2px|||&#8221; global_colors_info=&#8221;{}&#8221;][et_pb_row _builder_version=&#8221;4.16&#8243; _module_preset=&#8221;default&#8221; global_colors_info=&#8221;{}&#8221;][et_pb_column type=&#8221;4_4&#8243; _builder_version=&#8221;4.16&#8243; _module_preset=&#8221;default&#8221; global_colors_info=&#8221;{}&#8221;][et_pb_blurb title=&#8221;Manto Wasi es un centro cham\u00e1nico terap\u00e9utico con 20 a\u00f1os de experiencia en el uso ritual de la ayahuasca y otras plantas amaz\u00f3nicas, que en combinaci\u00f3n con el acompa\u00f1amiento terap\u00e9utico se orienta a colaborar con el proceso de sanaci\u00f3n de la persona, a fin de establecer mejoras en su calidad de vida y bienestar.&#8221; content_max_width=&#8221;1074px&#8221; _builder_version=&#8221;4.23.1&#8243; _module_preset=&#8221;default&#8221; header_level=&#8221;h3&#8243; header_font=&#8221;||||||||&#8221; header_text_color=&#8221;#006f9d&#8221; hover_enabled=&#8221;0&#8243; global_colors_info=&#8221;{}&#8221; sticky_enabled=&#8221;0&#8243;]Nuestra forma de trabajo se orienta hacia los logros terap\u00e9uticos, los que se expresan en\u00a0 <span style=\"color: #006f9d;\"><strong>modificaciones concretas y profundas en la vida cotidiana de la persona<\/strong>.<\/span> Entendiendo que la espiritualidad se manifiesta en lo m\u00e1s material de nuestra existencia, es decir en nuestro estilo de vida, relaciones, actividades, h\u00e1bitos, proyectos, deseos, sentimientos, ideas de uno mismo, entre otros ejemplos, nuestro trabajo se despliega despejando y alineando todas las dimensiones del ser humano que atraviesan su existencia. En este sentido, abordamos las dolencias del esp\u00edritu, de las emociones, de la mente y del cuerpo que est\u00e1n implicadas en el desarrollo cotidiano del ser humano, y que obstaculizan la realizaci\u00f3n plena de la persona en su entorno.<\/p>\n<p>Para esta labor realizamos <span style=\"color: #006f9d;\"><strong>tratamientos en los que combinamos de forma continua durante todo el proceso las plantas de la selva y el acompa\u00f1amiento terap\u00e9utico,<\/strong>,<\/span> herramientas que permiten el despliegue del trabajo espiritual y la comprensi\u00f3n de uno mismo que se requieren para realizar los cambios concretos en la vida cotidiana. Considerando los motivos que llevan a cada persona a solicitar tratamiento, ofrecemos de forma personalizada el programa m\u00e1s adecuado seg\u00fan los objetivos que quiere alcanzar y de acuerdo a lo que pueda necesitar.<\/p>\n<p>Nuestra visi\u00f3n y forma de trabajo, busca generar un cambio profundo que potencie la sanaci\u00f3n y toma de conciencia que ayude a la persona a reconocerse en su verdadera esencia, sacando todos los condicionamientos y patrones mentales, emocionales y de conducta heredados, que son los que producen la enfermedad e insatisfacci\u00f3n con su vida.<br \/>\nLas diversas combinaciones que se pueden realizar entre sesiones de ayahuasca, trabajos de purga, plantas de contenci\u00f3n y el acompa\u00f1amiento terap\u00e9utico, tienen por objetivo ampliar el marco de trabajo que cada una de estas herramientas ofrece por separado. Su combinaci\u00f3n permite abordar con mayor profundidad y totalidad las problem\u00e1ticas que aquejan a la persona. Al mismo tiempo, la combinaci\u00f3n adecuada de estas herramientas ayuda a destrabar las dificultades que pueden acontecer de forma natural durante todo proceso terap\u00e9utico, facilitando el flujo continuo del tratamiento.<\/p>\n<p>Nuestra forma de trabajo est\u00e1 orientada a todo tipo de desequilibrio, expresado en: depresi\u00f3n, ansiedad, miedos, fobias, adicciones, falta de sentido en la vida, enfermedades<br \/>\npsicosom\u00e1ticas, dolencias corporales, falta de confianza en s\u00ed mismo, timidez, dificultad en el manejo de impulsos (impulsividad y agresividad), dependencia emocional, falta de l\u00edmites en las relaciones, dificultad para lograr autonom\u00eda en la propia vida, baja autoestima, entre otros, y tambi\u00e9n para cualquier persona que desee conocerse profundamente, conectarse con su maestro interno y darle un sentido espiritual a su vida.[\/et_pb_blurb][\/et_pb_column][\/et_pb_row][\/et_pb_section][et_pb_section fb_built=&#8221;1&#8243; _builder_version=&#8221;4.16&#8243; _module_preset=&#8221;default&#8221; global_colors_info=&#8221;{}&#8221;][et_pb_row column_structure=&#8221;2_5,3_5&#8243; _builder_version=&#8221;4.16&#8243; _module_preset=&#8221;default&#8221; global_colors_info=&#8221;{}&#8221;][et_pb_column type=&#8221;2_5&#8243; _builder_version=&#8221;4.16&#8243; _module_preset=&#8221;default&#8221; global_colors_info=&#8221;{}&#8221;][et_pb_image src=&#8221;https:\/\/ayahuasca.cl\/web\/wp-content\/uploads\/2023\/10\/f8dae31a-1edd-4b4d-bd0c-a025d984da58-e1696300382618.jpg&#8221; title_text=&#8221;f8dae31a-1edd-4b4d-bd0c-a025d984da58&#8243; _builder_version=&#8221;4.23.1&#8243; _module_preset=&#8221;default&#8221; custom_margin=&#8221;29px||||false|false&#8221; custom_margin_tablet=&#8221;1px||||false|false&#8221; custom_margin_phone=&#8221;0px||||false|false&#8221; custom_margin_last_edited=&#8221;on|phone&#8221; global_colors_info=&#8221;{}&#8221;][\/et_pb_image][et_pb_social_media_follow _builder_version=&#8221;4.23.1&#8243; _module_preset=&#8221;default&#8221; text_orientation=&#8221;center&#8221; global_colors_info=&#8221;{}&#8221;][et_pb_social_media_follow_network social_network=&#8221;instagram&#8221; url=&#8221;https:\/\/www.instagram.com\/rumi.manto\/profilecard\/?igsh=dnVmbHk2aTdieG9z&#8221; _builder_version=&#8221;4.23.1&#8243; _module_preset=&#8221;default&#8221; background_color=&#8221;#ea2c59&#8243; global_colors_info=&#8221;{}&#8221; follow_button=&#8221;off&#8221; url_new_window=&#8221;on&#8221;]instagram[\/et_pb_social_media_follow_network][\/et_pb_social_media_follow][\/et_pb_column][et_pb_column type=&#8221;3_5&#8243; _builder_version=&#8221;4.16&#8243; _module_preset=&#8221;default&#8221; global_colors_info=&#8221;{}&#8221;][et_pb_text _builder_version=&#8221;4.23.1&#8243; _module_preset=&#8221;default&#8221; text_font=&#8221;||||||||&#8221; global_colors_info=&#8221;{}&#8221;]<\/p>\n<h3><span style=\"color: #006f9d;\"><strong>C\u00e9sar \u201cRumi\u201d Ahumada<\/strong><\/span><\/h3>\n<p><em>Director Centro Manto Wasi<\/em><br \/><em>Curandero Vegetalista<\/em><\/p>\n<p>Rumi cuenta con m\u00e1s de 20 a\u00f1os de experiencia en el uso ritual de la ayahuasca y otras plantas del amazonas, recibi\u00f3 su ense\u00f1anza del Maestro Chaman Luis Panduro V\u00e1zquez a trav\u00e9s de m\u00faltiples y prolongados retiros y dietas en la selva.<br \/>En la actualidad contin\u00faa su estudio y pr\u00e1cticas visitando al menos 2 veces al a\u00f1o a su maestro en la selva del Amazonas.<br \/>Cuenta con una amplia experiencia en el acompa\u00f1amiento terap\u00e9utico con pacientes como: trastornos del estado de \u00e1nimo, como la ansiedad y la depresi\u00f3n, timidez y fobia social, uso problem\u00e1tico de drogas y alcohol, a trav\u00e9s de trabajos de purga, ceremonias de ayahuasca, dietas-retiros y uso de plantas en los 18 a\u00f1os dirigiendo el Centro Manto Wasi en Chile.<br \/>En el a\u00f1o 2009 Rumi tuvo que enfrentar un juicio penal debido a que la ayahuasca contiene DMT, en este juicio no solo se demostr\u00f3 que la ayahuasca no es da\u00f1ina para la salud y que el brebaje ayahuasca no est\u00e1 fiscalizado.<br \/>Adem\u00e1s con el c\u00famulo de antecedentes vertidos en el juicio, el tribunal adquiri\u00f3 la convicci\u00f3n de que lejos de constituir un peligro para la salud p\u00fablica. La conducta desarrollada por Rumi ha reportado importantes beneficios para m\u00faltiples personas que han realizado ceremonias de ayahuasca y tratamientos en Manto Wasi. Siendo este uno de los veredictos m\u00e1s impotentes en el mundo sobre el uso terap\u00e9utico de la ayahuasca.<\/p>\n<p>[\/et_pb_text][\/et_pb_column][\/et_pb_row][et_pb_row _builder_version=&#8221;4.16&#8243; _module_preset=&#8221;default&#8221; global_colors_info=&#8221;{}&#8221;][et_pb_column type=&#8221;4_4&#8243; _builder_version=&#8221;4.16&#8243; _module_preset=&#8221;default&#8221; global_colors_info=&#8221;{}&#8221;][et_pb_divider color=&#8221;#006f9d&#8221; divider_weight=&#8221;3px&#8221; _builder_version=&#8221;4.16&#8243; _module_preset=&#8221;default&#8221; global_colors_info=&#8221;{}&#8221;][\/et_pb_divider][\/et_pb_column][\/et_pb_row][\/et_pb_section]<\/p>\n","protected":false},"excerpt":{"rendered":"<p>CENTRO CHAMANICO VEGETALISTA FUNDADO EN 2006, SANTIAGO &#8211; CHILENuestra forma de trabajo se orienta hacia los logros terap\u00e9uticos, los que se expresan en\u00a0 modificaciones concretas y profundas en la vida cotidiana de la persona. Entendiendo que la espiritualidad se manifiesta en lo m\u00e1s material de nuestra existencia, es decir en nuestro estilo de vida, relaciones, [&hellip;]<\/p>\n","protected":false},"author":1,"featured_media":0,"parent":0,"menu_order":0,"comment_status":"closed","ping_status":"closed","template":"","meta":{"_et_pb_use_builder":"on","_et_pb_old_content":"","_et_gb_content_width":"","footnotes":""},"class_list":["post-1328","page","type-page","status-publish","hentry"],"yoast_head":"<!-- This site is optimized with the Yoast SEO plugin v26.1.1 - https:\/\/yoast.com\/wordpress\/plugins\/seo\/ -->\n<title>Inicio ~ Manto Wasi<\/title>\n<meta name=\"robots\" content=\"index, follow, max-snippet:-1, max-image-preview:large, max-video-preview:-1\" \/>\n<link rel=\"canonical\" href=\"https:\/\/ayahuasca.cl\/web\/\" \/>\n<meta property=\"og:locale\" content=\"es_ES\" \/>\n<meta property=\"og:type\" content=\"article\" \/>\n<meta property=\"og:title\" content=\"Inicio ~ Manto Wasi\" \/>\n<meta property=\"og:description\" content=\"CENTRO CHAMANICO VEGETALISTA FUNDADO EN 2006, SANTIAGO - CHILENuestra forma de trabajo se orienta hacia los logros terap\u00e9uticos, los que se expresan en\u00a0 modificaciones concretas y profundas en la vida cotidiana de la persona. Entendiendo que la espiritualidad se manifiesta en lo m\u00e1s material de nuestra existencia, es decir en nuestro estilo de vida, relaciones, [&hellip;]\" \/>\n<meta property=\"og:url\" content=\"https:\/\/ayahuasca.cl\/web\/\" \/>\n<meta property=\"og:site_name\" content=\"Manto Wasi\" \/>\n<meta property=\"article:modified_time\" content=\"2025-02-28T15:08:49+00:00\" \/>\n<meta name=\"twitter:card\" content=\"summary_large_image\" \/>\n<meta name=\"twitter:label1\" content=\"Tiempo estimado de lectura\" \/>\n\t<meta name=\"twitter:data1\" content=\"6 minutos\" \/>\n<script type=\"application\/ld+json\" class=\"yoast-schema-graph\">{\"@context\":\"https:\/\/schema.org\",\"@graph\":[{\"@type\":\"WebPage\",\"@id\":\"https:\/\/ayahuasca.cl\/web\/\",\"url\":\"https:\/\/ayahuasca.cl\/web\/\",\"name\":\"Inicio ~ Manto Wasi\",\"isPartOf\":{\"@id\":\"https:\/\/ayahuasca.cl\/web\/#website\"},\"datePublished\":\"2020-11-08T20:20:52+00:00\",\"dateModified\":\"2025-02-28T15:08:49+00:00\",\"breadcrumb\":{\"@id\":\"https:\/\/ayahuasca.cl\/web\/#breadcrumb\"},\"inLanguage\":\"es-CL\",\"potentialAction\":[{\"@type\":\"ReadAction\",\"target\":[\"https:\/\/ayahuasca.cl\/web\/\"]}]},{\"@type\":\"BreadcrumbList\",\"@id\":\"https:\/\/ayahuasca.cl\/web\/#breadcrumb\",\"itemListElement\":[{\"@type\":\"ListItem\",\"position\":1,\"name\":\"Portada\",\"item\":\"https:\/\/ayahuasca.cl\/web\/\"},{\"@type\":\"ListItem\",\"position\":2,\"name\":\"Inicio\"}]},{\"@type\":\"WebSite\",\"@id\":\"https:\/\/ayahuasca.cl\/web\/#website\",\"url\":\"https:\/\/ayahuasca.cl\/web\/\",\"name\":\"Manto Wasi\",\"description\":\"\",\"potentialAction\":[{\"@type\":\"SearchAction\",\"target\":{\"@type\":\"EntryPoint\",\"urlTemplate\":\"https:\/\/ayahuasca.cl\/web\/?s={search_term_string}\"},\"query-input\":{\"@type\":\"PropertyValueSpecification\",\"valueRequired\":true,\"valueName\":\"search_term_string\"}}],\"inLanguage\":\"es-CL\"}]}<\/script>\n<!-- \/ Yoast SEO plugin. -->","yoast_head_json":{"title":"Inicio ~ Manto Wasi","robots":{"index":"index","follow":"follow","max-snippet":"max-snippet:-1","max-image-preview":"max-image-preview:large","max-video-preview":"max-video-preview:-1"},"canonical":"https:\/\/ayahuasca.cl\/web\/","og_locale":"es_ES","og_type":"article","og_title":"Inicio ~ Manto Wasi","og_description":"CENTRO CHAMANICO VEGETALISTA FUNDADO EN 2006, SANTIAGO - CHILENuestra forma de trabajo se orienta hacia los logros terap\u00e9uticos, los que se expresan en\u00a0 modificaciones concretas y profundas en la vida cotidiana de la persona. Entendiendo que la espiritualidad se manifiesta en lo m\u00e1s material de nuestra existencia, es decir en nuestro estilo de vida, relaciones, [&hellip;]","og_url":"https:\/\/ayahuasca.cl\/web\/","og_site_name":"Manto Wasi","article_modified_time":"2025-02-28T15:08:49+00:00","twitter_card":"summary_large_image","twitter_misc":{"Tiempo estimado de lectura":"6 minutos"},"schema":{"@context":"https:\/\/schema.org","@graph":[{"@type":"WebPage","@id":"https:\/\/ayahuasca.cl\/web\/","url":"https:\/\/ayahuasca.cl\/web\/","name":"Inicio ~ Manto Wasi","isPartOf":{"@id":"https:\/\/ayahuasca.cl\/web\/#website"},"datePublished":"2020-11-08T20:20:52+00:00","dateModified":"2025-02-28T15:08:49+00:00","breadcrumb":{"@id":"https:\/\/ayahuasca.cl\/web\/#breadcrumb"},"inLanguage":"es-CL","potentialAction":[{"@type":"ReadAction","target":["https:\/\/ayahuasca.cl\/web\/"]}]},{"@type":"BreadcrumbList","@id":"https:\/\/ayahuasca.cl\/web\/#breadcrumb","itemListElement":[{"@type":"ListItem","position":1,"name":"Portada","item":"https:\/\/ayahuasca.cl\/web\/"},{"@type":"ListItem","position":2,"name":"Inicio"}]},{"@type":"WebSite","@id":"https:\/\/ayahuasca.cl\/web\/#website","url":"https:\/\/ayahuasca.cl\/web\/","name":"Manto Wasi","description":"","potentialAction":[{"@type":"SearchAction","target":{"@type":"EntryPoint","urlTemplate":"https:\/\/ayahuasca.cl\/web\/?s={search_term_string}"},"query-input":{"@type":"PropertyValueSpecification","valueRequired":true,"valueName":"search_term_string"}}],"inLanguage":"es-CL"}]}},"_links":{"self":[{"href":"https:\/\/ayahuasca.cl\/web\/wp-json\/wp\/v2\/pages\/1328","targetHints":{"allow":["GET"]}}],"collection":[{"href":"https:\/\/ayahuasca.cl\/web\/wp-json\/wp\/v2\/pages"}],"about":[{"href":"https:\/\/ayahuasca.cl\/web\/wp-json\/wp\/v2\/types\/page"}],"author":[{"embeddable":true,"href":"https:\/\/ayahuasca.cl\/web\/wp-json\/wp\/v2\/users\/1"}],"replies":[{"embeddable":true,"href":"https:\/\/ayahuasca.cl\/web\/wp-json\/wp\/v2\/comments?post=1328"}],"version-history":[{"count":17,"href":"https:\/\/ayahuasca.cl\/web\/wp-json\/wp\/v2\/pages\/1328\/revisions"}],"predecessor-version":[{"id":1675,"href":"https:\/\/ayahuasca.cl\/web\/wp-json\/wp\/v2\/pages\/1328\/revisions\/1675"}],"wp:attachment":[{"href":"https:\/\/ayahuasca.cl\/web\/wp-json\/wp\/v2\/media?parent=1328"}],"curies":[{"name":"wp","href":"https:\/\/api.w.org\/{rel}","templated":true}]}}